 9.
14845034
4acb3 (base 13) to base 4
201302110
-243003122 (base 5) to base 6
-40242325
Convert -1203402234 (base 5) to base 7.
-32514655
Convert -1000011111111110000 (base 2) to base 4.
-1003333300
What is -567577 (base 10) in base 4?
-2022210121
What is 116c7 (base 13) in base 6?
403503
What is -180639 (base 10) in base 13?
-642b4
Convert -b5a0 (base 16) to base 3.
-2100210002
What is -470356 (base 16) in base 7?
-54362152
Convert 138a527 (base 11) to base 9.
4435613
What is 3cdbd (base 16) in base 15?
4dcd7
-110122232 (base 4) to base 5
-10134010
What is a142 (base 12) in base 5?
1024344
Convert -1d760 (base 16) to base 4.
-131131200
Convert 8833774 (base 10) to base 6.
513201034
What is 471365 (base 8) in base 5?
20114001
1242210 (base 5) to base 2
110000001101000
Convert 1110001111001101100 (base 2) to base 10.
466540
10333231000 (base 4) to base 11
814939
3241314414 (base 5) to base 13
15a49ca
462465 (base 9) to base 11
17a465
What is 154465 (base 8) in base 13?
1c404
Convert -1505225 (base 7) to base 13.
-71831
What is 30321021313 (base 4) in base 16?
339277
Convert -127234 (base 11) to base 16.
-30cf9
-976240 (base 11) to base 13
-42820a
Convert 121043431 (base 6) to base 4.
20233212223
Convert 3d98a (base 14) to base 2.
100101010011100110
What is 311121022 (base 4) in base 8?
653112
What is 1038ff (base 16) in base 10?
1063167
What is -305312010 (base 6) in base 5?
-2324002230
Convert 2827453 (base 11) to base 8.
22451017
What is 10053092 (base 10) in base 14?
1499940
What is 7c19 (base 15) in base 12?
132b9
What is 1979 (base 12) in base 13?
155a
Convert 1108124 (base 9) to base 8.
2214711
What is -1033020121 (base 4) in base 7?
-2516650
6508257 (base 12) to base 13
3c8460a
What is -15b01a (base 12) in base 8?
-1325526
What is -1712441 (base 8) in base 16?
-79521
Convert -100202121100022 (base 3) to base 2.
-10011110010101111000000
Convert 6535 (base 11) to base 12.
4bb1
Convert -15c7d (base 16) to base 6.
-1525005
What is -85ab7b (base 14) in base 8?
-21204531
What is -10111202121 (base 4) in base 12?
-469a49
Convert -4540556 (base 9) to base 7.
-26543115
-57c55 (base 13) to base 4
-213020122
Convert 10200120220 (base 3) to base 12.
36020
-33472 (base 13) to base 15
-1c87d
What is -3226543 (base 7) in base 5?
-100044242
What is -11012102000010 (base 3) in base 15?
-2e15d6
What is -36631 (base 8) in base 13?
-7240
What is -1635559 (base 11) in base 14?
-528626
What is -62222442 (base 7) in base 5?
-2313402014
What is 1917747 (base 11) in base 10?
3245876
What is 380055 (base 9) in base 10?
229685
What is 105140321 (base 6) in base 15?
2809d7
11601 (base 7) to base 6
22023
What is 21301100311 (base 4) in base 10?
2561077
13551467 (base 8) to base 10
3068727
What is -42346 (base 7) in base 9?
-15324
-88a859 (base 11) to base 7
-15032405
66221 (base 11) to base 5
11033342
What is 230203111212 (base 4) in base 5?
10442212303
What is -15825 (base 11) in base 14?
-81a3
What is 1033142012 (base 5) in base 4?
20202330001
Convert 138338 (base 14) to base 10.
675662
c11c (base 13) to base 10
26558
24402322 (base 6) to base 2
10111101111110101010
Convert 2414342 (base 6) to base 2.
11110111011110110
Convert 10436332 (base 8) to base 13.
6073c2
Convert 220134412 (base 5) to base 16.
e6403
Convert -10311351 (base 6) to base 14.
-7d199
Convert 2000200112000 (base 3) to base 5.
233421012
What is -687246 (base 9) in base 12?
-17a589
What is 23323303 (base 7) in base 12?
832097
Convert -198a2 (base 13) to base 15.
-eb63
Convert -11a585 (base 12) to base 5.
-33201134
Convert -3657737 (base 10) to base 8.
-15750011
2b699 (base 12) to base 4
33000111
What is -20562652 (base 8) in base 9?
-8221850
40b32 (base 16) to base 3
111110112012
Convert -1b6c5 (base 14) to base 8.
-210475
Convert -1012113221130 (base 4) to base 2.
-1000110010111101001011100
5444653 (base 8) to base 14
2a0443
Convert 103002123 (base 5) to base 10.
437788
Convert 14510261 (base 9) to base 6.
414315044
Convert 111101111101101010110 (base 2) to base 10.
2030422
31810a6 (base 11) to base 13
120b456
46374455 (base 8) to base 16
99f92d
Convert -180bbba (base 13) to base 4.
-131311333210
What is -41deb (base 16) in base 3?
-111201002201
Convert 423165 (base 8) to base 6.
3004221
-b79512 (base 12) to base 4
-23003222132
Convert -31230430 (base 5) to base 12.
-105540
10232000123 (base 4) to base 5
304041034
-1201020402 (base 5) to base 13
-754426
Convert dde15f (base 16) to base 8.
67360537
114334250 (base 6) to base 7
24324144
What is -1211823 (base 10) in base 6?
-41550143
What is 3021030 (base 5) in base 8?
136211
-111000110021 (base 3) to base 4
-332203102
-12595 (base 10) to base 16
-3133
104173543 (base 8) to base 4
1010033131203
12220031 (base 4) to base 2
110101000001101
What is 422033 (base 6) in base 15?
a1b9
Convert -13b121 (base 13) to base 11.
-2a9701
What is -1303116 (base 7) in base 9?
-277036
Convert -1276306 (base 9) to base 6.
-23001053
1017112 (base 11) to base 7
21156066
Convert 3513150 (base 8) to base 4.
3221121220
What is -10201020100 (base 3) in base 10?
-73071
What is -40041213 (base 5) in base 15?
-635c3
What is 1761826 (base 9) in base 2?
11110000100111001111
Convert 435034213 (base 6) to base 9.
15602560
What is 601c0 (base 16) in base 13?
10a24b
-16c6b (base 16) to base 5
-10441131
40124243 (base 5) to base 4
1031200020
Convert -1271248 (base 10) to base 12.
-513814
What is -1220222202 (base 3) in base 2?
-1001010000001101
What is 259a03 (base 11) in base 8?
1435663
11d3ed9 (base 15) to base 3
220010101221020
Convert adaa64 (base 16) to base 13.
2486534
Convert 101110001110001101 (base 2) to base 14.
4cdd3
1122230321 (base 4) to base 16
5ab39
1101011101101101 (base 2) to base 15
11519
-1205a38 (base 11) to base 15
-2b7a49
43760 (base 12) to base 5
10323313
What is -393914 (base 10) in base 8?
-1401272
491806 (base 10) to base 14
cb330
What is 787654 (base 12) in base 6?
105100144
Convert -121200221200 (base 3) to base 5.
-41004433
What is 8740 (base 10) in base 2?
10001000100100
a0a882 (base 13) to base 4
32100030212
a357a6 (base 15) to base 13
17bb027
21102222222 (base 3) to base 14
3b584
What is -12606 (base 10) in base 15?
-3b06
10405234 (base 6) to base 11
1a3631
Convert -7306074 (base 8) to base 7.
-22313416
What is 124221421 (base 5) in base 9?
1140458
What is 1101100101110010011100 (base 2) in base 6?
204205432
Convert 103111002 (base 4) to base 13.
2a060
-303030032 (base 6) to base 16
-4f1504
Convert 4699965 (base 10) to base 14.
8a4b5b
Convert 1238771 (base 10) to base 13.
344b01
1c2641 (base 13) to base 2
10101111101001111110
1152726 (base 8) to base 5
40120021
What is -357700 (base 8) in base 15?
-265cb
-4e0bf (base 16) to base 7
-2501003
-10111101000101101111 (base 2) to base 15
-104741
346100 (base 7) to base 6
1155352
30411040 (base 5) to base 8
743535
What is -112300010 (base 6) in base 10?
-2076198
Convert 3032233232 (base 4) to base 7.
10124615
781450 (base 13) to base 15
3ad9d7
What is -5647832 (base 9) in base 16?
-2e70c3
-3485d1 (base 14) to base 15
-2556a1
Convert -222011002000012 (base 3) to base 16.
-d40fbd
Convert -1101011100100011000 (base 2) to base 7.
-3513356
50e1 (base 16) to base 7
114236
-320331230 (base 4) to base 6
-5000112
Convert 11ca4b8 (base 14) to base 9.
17081566
Convert 177354 (base 9) to base 2.
11010111100100011
What is -11011202210 (base 3) in base 13?
-2b55a
Convert 565271 (base 8) to base 12.
92761
Convert 51109 (base 10) to base 11.
35443
-10120001221121 (base 3) to base 7
-22034041
What is 5a631 (base 13) in base 14?
4460d
Convert -4991866 (base 10) to base 11.
-28aa510
24cf7 (base 16) to base 2
100100110011110111
31212230 (base 5) to base 9
431716
Convert -3342565 (base 7) to base 14.
-aabdc
-245a42 (base 14) to base 4
-10233331322
Convert 32332221 (base 4) to base 7.
343605
Convert -30465200 (base 7) to base 2.
-1001101111100011011100
Convert -18b65 (base 14) to base 13.
-22665
What is -114301313 (base 6) in base 5?
-1023413322
1340022112 (base 5) to base 16
3479b8
-5dd19 (base 15) to base 11
-1953a1
What is -102022001 (base 5) in base 6?
-13024024
205253255 (base 6) to base 16
372a43
What is -527ca3 (base 13) in base 7?
-22262052
Convert 113230002 (base 4) to base 7.
552606
What is -1200023123 (base 4) in b